0125?
3, 5, 7, 61
List the prime factors of 53469.
3, 13, 457
What are the prime factors of 4651?
4651
List the prime factors of 6778.
2, 3389
What are the prime factors of 30775?
5, 1231
What are the prime factors of 3891?
3, 1297
What are the prime factors of 16335?
3, 5, 11
What are the prime factors of 1470?
2, 3, 5, 7
What are the prime factors of 1127?
7, 23
List the prime factors of 12629.
73, 173
List the prime factors of 2011.
2011
What are the prime factors of 1836?
2, 3, 17
What are the prime factors of 1019?
1019
List the prime factors of 43286.
2, 23, 941
List the prime factors of 156003.
3, 149, 349
List the prime factors of 65398.
2, 19, 1721
What are the prime factors of 13671?
3, 7, 31
List the prime factors of 165995.
5, 33199
What are the prime factors of 3345?
3, 5, 223
List the prime factors of 500.
2, 5
List the prime factors of 11132.
2, 11, 23
What are the prime factors of 753?
3, 251
What are the prime factors of 3216?
2, 3, 67
What are the prime factors of 35580?
2, 3, 5, 593
List the prime factors of 13203.
3, 163
List the prime factors of 1655.
5, 331
List the prime factors of 589.
19, 31
What are the prime factors of 110920?
2, 5, 47, 59
What are the prime factors of 69401?
69401
What are the prime factors of 507?
3, 13
What are the prime factors of 42515?
5, 11, 773
List the prime factors of 4811.
17, 283
What are the prime factors of 1863?
3, 23
What are the prime factors of 5992?
2, 7, 107
List the prime factors of 104857.
23, 47, 97
What are the prime factors of 14836?
2, 3709
What are the prime factors of 42553?
7, 6079
What are the prime factors of 112038?
2, 3, 71, 263
List the prime factors of 128358.
2, 3, 2377
List the prime factors of 21677.
53, 409
List the prime factors of 1800.
2, 3, 5
List the prime factors of 12379.
12379
What are the prime factors of 396?
2, 3, 11
What are the prime factors of 13335?
3, 5, 7, 127
List the prime factors of 6384.
2, 3, 7, 19
List the prime factors of 405.
3, 5
What are the prime factors of 8781?
3, 2927
List the prime factors of 24490.
2, 5, 31, 79
List the prime factors of 40035.
3, 5, 17, 157
List the prime factors of 4647.
3, 1549
List the prime factors of 627.
3, 11, 19
List the prime factors of 789.
3, 263
What are the prime factors of 8170?
2, 5, 19, 43
What are the prime factors of 67?
67
What are the prime factors of 15588?
2, 3, 433
What are the prime factors of 139507?
61, 2287
What are the prime factors of 2268?
2, 3, 7
List the prime factors of 2019.
3, 673
What are the prime factors of 363?
3, 11
List the prime factors of 491.
491
List the prime factors of 8703.
3, 967
List the prime factors of 23459.
23459
What are the prime factors of 2187?
3
List the prime factors of 14321.
14321
List the prime factors of 1816.
2, 227
List the prime factors of 3219.
3, 29, 37
List the prime factors of 448.
2, 7
List the prime factors of 3110.
2, 5, 311
What are the prime factors of 23620?
2, 5, 1181
What are the prime factors of 603?
3, 67
What are the prime factors of 1633?
23, 71
What are the prime factors of 9889?
11, 29, 31
What are the prime factors of 8508?
2, 3, 709
What are the prime factors of 6198?
2, 3, 1033
List the prime factors of 3253.
3253
What are the prime factors of 12813?
3, 4271
List the prime factors of 2140.
2, 5, 107
List the prime factors of 407.
11, 37
What are the prime factors of 2735?
5, 547
What are the prime factors of 1298?
2, 11, 59
What are the prime factors of 919?
919
What are the prime factors of 14471?
29, 499
List the prime factors of 3725.
5, 149
List the prime factors of 2914.
2, 31, 47
List the prime factors of 8564.
2, 2141
What are the prime factors of 134744?
2, 16843
List the prime factors of 461.
461
List the prime factors of 1904.
2, 7, 17
List the prime factors of 1652.
2, 7, 59
List the prime factors of 455.
5, 7, 13
List the prime factors of 1189.
29, 41
List the prime factors of 460.
2, 5, 23
What are the prime factors of 11091?
3, 3697
List the prime factors of 1042.
2, 521
List the prime factors of 83714.
2, 19, 2203
What are the prime factors of 35569?
35569
What are the prime factors of 2853?
3, 317
What are the prime factors of 8712?
2, 3, 11
List the prime factors of 8588.
2, 19, 113
What are the prime factors of 598?
2, 13, 23
What are the prime factors of 21724?
2, 5431
List the prime factors of 5729.
17, 337
What are the prime factors of 93?
3, 31
What are the prime factors of 8572?
2, 2143
What are the prime factors of 1099?
7, 157
What are the prime factors of 14509?
11, 1319
What are the prime factors of 39883?
39883
List the prime factors of 14519.
14519
What are the prime factors of 5?
5
List the prime factors of 2401.
7
List the prime factors of 3778.
2, 1889
List the prime factors of 28284.
2, 3, 2357
List the prime factors of 17534.
2, 11, 797
List the prime factors of 80415.
3, 5, 1787
List the prime factors of 3474.
2, 3, 193
What are the prime factors of 50764?
2, 7, 37
What are the prime factors of 2100?
2, 3, 5, 7
List the prime factors of 13391.
7, 1913
List the prime factors of 9049.
9049
List the prime factors of 4542.
2, 3, 757
List the prime factors of 45324.
2, 3, 1259
List the prime factors of 132700.
2, 5, 1327
What are the prime factors of 70?
2, 5, 7
What are the prime factors of 49121?
49121
List the prime factors of 55312.
2, 3457
List the prime factors of 1299.
3, 433
List the prime factors of 18121.
18121
What are the prime factors of 12418?
2, 7, 887
What are the prime factors of 8154?
2, 3, 151
What are the prime factors of 53695?
5, 10739
List the prime factors of 11625.
3, 5, 31
List the prime factors of 4963.
7, 709
List the prime factors of 1017.
3, 113
List the prime factors of 3581.
3581
What are the prime factors of 1065?
3, 5, 71
List the prime factors of 22275.
3, 5, 11
List the prime factors of 63699.
3, 17, 1249
What are the prime factors of 30101?
31, 971
List the prime factors of 52058.
2, 26029
What are the prime factors of 236?
2, 59
What are the prime factors of 4342?
2, 13, 167
What are the prime factors of 18881?
79, 239
List the prime factors of 1251.
3, 139
List the prime factors of 2325.
3, 5, 31
List the prime factors of 6526.
2, 13, 251
List the prime factors of 1969.
11, 179
What are the prime factors of 52125?
3, 5, 139
List the prime factors of 2862.
2, 3, 53
What are the prime factors of 124?
2, 31
What are the prime factors of 58121?
7, 19, 23
List the prime factors of 13215.
3, 5, 881
List the prime factors of 2063.
2063
What are the prime factors of 606?
2, 3, 101
What are the prime factors of 5660?
2, 5, 283
List the prime factors of 1163.
1163
List the prime factors of 8723.
11, 13, 61
List the prime factors of 188.
2, 47
What are the prime factors of 56907?
3, 6323
What are the prime factors of 5929?
7, 11
What are the prime factors of 22953?
3, 7, 1093
List the prime factors of 22049.
17, 1297
What are the prime factors of 6060?
2, 3, 5, 101
What are the prime factors of 10055?
5, 2011
List the prime factors of 48791.
97, 503
What are the prime factors of 1674?
2, 3, 31
List the prime factors of 2374.
2, 1187
List the prime factors of 87517.
87517
What are the prime factors of 19391?
19391
What are the prime factors of 53176?
2, 17, 23
List the prime factors of 11813.
11813
What are the prime factors of 260?
2, 5, 13
What are the prime factors of 12639?
3, 11, 383
List the prime factors of 4663.
4663
List the prime factors of 484.
2, 11
List the prime factors of 4149.
3, 461
What are the prime factors of 480?
2, 3, 5
List the prime factors of 7488.
2, 3, 13
What are the prime factors of 104079?
3, 34693
What are the prime factors of 526?
2, 263
List the prime factors of 8749.
13, 673
List the prime factors of 83522.
2, 41761
What are the prime factors of 1147?
31, 37
List the prime factors of 12144.
2, 3, 11, 23
List the prime factors of 5479.
5479
What are the prime factors of 1375?
5, 11
What are the prime factors of 12438?
2, 3, 691
What are the prime factors of 1650?
2, 3, 5, 11
What are the prime factors of 7580?
2, 5, 379
What are the prime factors of 3378?
2, 3, 563
What are the prime factors of 10884?
2, 3, 907
List the prime factors of 3764.
2, 941
What are the prime factors of 1040?
2, 5, 13
What are the prime factors of 36851?
43,